nder when a(i) is divided by o?
3
Suppose -3*a + 5*s + 84 - 25 = 0, 4*s = 8. Suppose -3*k + 128 = h, -5*k + a*h = 24*h - 214. What is the remainder when 123 is divided by k?
37
Let g = 2868 - 2815. Calculate the remainder when g is divided by 4.
1
Let o(a) be the first derivative of -a**4/4 + 11*a**3/3 - 13*a**2 - 8*a + 9. Let p be o(8). What is the remainder when 24 is divided by p/40 - (-159)/15?
4
Suppose q + 10*o - 12*o - 1 = 0, 0 = -3*q - 5*o + 36. What is the remainder when 93 is divided by 3/q + (-642)/(-21)?
0
Let v(b) = -19*b - 1. Suppose -3*i - 575 = -2*s, 2*i = 4*s - 3*i - 1151. Suppose -479 = -16*q + s. What is the remainder when q is divided by v(-1)?
12
Let t = 13715 + -12927. Calculate the remainder when t is divided by 12.
8
Let a = -866 - -1513. Calculate the remainder when a is divided by 209/8 + (-4)/22 + (-10)/(-176).
23
Let t be 23 + -23 + 226*(-14)/4. Let a = t + 873. Calculate the remainder when a is divided by 22.
16
Calculate the remainder when 3/24 + (-17 - 40632/(-64)) is divided by 20.
18
Suppose -4*y + 732 + 71 = 167. What is the remainder when y is divided by 128?
31
Suppose 0 = -80*h + 85*h - 25, 3*l - 2*h - 398 = 0. Calculate the remainder when 219 is divided by l.
83
Let o(h) = -h + 2. Suppose -4*k + 2*k = 20. Let r(w) = w**2 + 9*w - 4. Calculate the remainder when o(-8) is divided by r(k).
4
Suppose 64*b + 1305 = 69*b + 5*i, -2*b + 557 = -3*i. Let s = -14 - -29. Calculate the remainder when b is divided by s.
13
Let p be 12/(-24) + 7/(-2). Suppose 4*n = 10*n - 30. Calculate the remainder when (0 - (-2 - -3))/(p/32) is divided by n.
3
Calculate the remainder when (30/8)/(((-2739)/(-25388))/83) is divided by 37.
36
Let i(h) = -9*h + 65. Let a be i(8). Let g(o) = -3*o + 30. Calculate the remainder when g(a) is divided by 11.
7
Suppose 3*x = -3*l + 12564, -11*l + 13*l + 5*x - 8382 = 0. Calculate the remainder when l is divided by 71.
68
Suppose 5*p - 3*v - 174 = 0, 7*p - 2*p - v - 168 = 0. Suppose -g + 5 + 23 = -4*s, 0 = -3*g - 5*s + p. Calculate the remainder when 17 is divided by g.
1
Let s(l) = 240*l + 2057. Calculate the remainder when s(-7) is divided by 20.
17
Let z be (68/6)/(8/60). Suppose 3*u = 8*u - z. Suppose -1 = -w - 2*g + 60, 0 = -2*w + 4*g + 114. Calculate the remainder when w is divided by u.
8
Let d(m) = m**2 - 7*m - 1. Let k be (1 - 3) + 6 - 37. Let a = 41 + k. What is the remainder when 47 is divided by d(a)?
5
Suppose 116*h = 115*h, 114 = 2*m + 4*h. What is the remainder when m is divided by 31?
26
Suppose -4*z = -5 - 11. Let q = 30572 + -30568. Calculate the remainder when q is divided by z.
0
Let f(l) = 17*l + 120. Let k be f(-11). Let q = k - -84. Calculate the remainder when 29 is divided by q.
12
Let s(n) = -14*n + 80. What is the remainder when 8808 is divided by s(5)?
8
Let t(m) = 2*m**2 - 7*m + 4. What is the remainder when (-544)/(-1088)*(-282)/(-5 + 2) is divided by t(4)?
7
Suppose 4*q = 6*q - 176. Let h(b) = -b - 6. Let k be h(10). What is the remainder when q is divided by k/6*486/(-72)?
16
Suppose d - 5*x - 174 = 0, 6*d - 7*d - 3*x = -214. Let w = -47 + d. What is the remainder when w is divided by 39?
35
What is the remainder when 1149 is divided by ((-3)/2 - 154/44)*(1 + -24)?
114
Let s(u) = -2819*u**3 + 3*u + 4. Calculate the remainder when s(-1) is divided by 562.
10
Suppose -40*f + 36*f + 4*b = -400, b + 472 = 5*f. What is the remainder when 2687 is divided by f?
83
Suppose 4*w - 177 + 49 = 0. Suppose -7*f + 1 = -27. Calculate the remainder when w is divided by (2/f - 0) + (-84)/(-8).
10
Suppose 15 = -3*z, 4*d - 2*d = 3*z + 129. Suppose 10*p = 433 + d. Calculate the remainder when p is divided by 4/6 + (-56)/(-6).
9
Suppose -3*u + 46 = b, -2*u + 139 = 6*b - b. What is the remainder when 1375 is divided by b?
0
Let d = 32 - -69. Suppose -k - 3*s + 34 = 0, 27*s - 29*s = 0. What is the remainder when d is divided by k?
33
What is the remainder when 346 is divided by 333042/3102 + 8/(-22)?
25
Suppose -t = -5*t + 240. Suppose 15 + t = 15*s. Calculate the remainder when 74 is divided by s.
4
Let b = -489 - -492. Suppose 0 = 4*x - 4*s - 200, b*x - 2*s - 2*s = 151. What is the remainder when 144 is divided by x?
46
Let f(v) = 2*v**3 - 3*v**2 + 34*v - 107. Calculate the remainder when 19666 is divided by f(3).
20
Let i(y) = y**3 - 2*y**2. Suppose -4*k = w + 1376, -3*w = -3*k - 901 - 146. Let u = 379 + k. What is the remainder when u is divided by i(3)?
7
Let s(p) = -p**3 + 5*p**2 - p - 10. Let j be 12*1*(20/15 + -1). Let c be s(j). Calculate the remainder when (1 - (9 + c))*-1 is divided by 7.
3
Suppose -258*t + 91546 - 91473 = -287855. What is the remainder when t is divided by 1104?
12
Let y = 28422 - 28396. Calculate the remainder when 4835 is divided by y.
25
Suppose 3*q - 3*s - 137 = -2*s, -4*s - 143 = -3*q. Let w be -3*565/(-30)*-4. Let z = w - -403. Calculate the remainder when z is divided by q.
42
Suppose -6*o - 12 = -9*o. Suppose 5*k = -4*w - w - 5, -w = o*k + 7. Calculate the remainder when (k/2)/(4/(-320)) is divided by 27.
26
Let n(i) = 5*i**2 - 13*i + 8. Let o be n(8). Suppose -o = -y + 4*b, y + 3*b - 820 = -3*y. Calculate the remainder when y is divided by 11.
10
Let i = 1 - -1. Let a(y) = 35*y**2 - 2*y + 3. Let c be a(i). Suppose 6*v - 143 = c. What is the remainder when v is divided by 12?
11
Let l = 16 + -11. Suppose -m = 1, -41 = -0*t - l*t + m. Suppose -d + 8 = 3*s - 8, 0 = -d + s + 32. What is the remainder when d is divided by t?
4
Suppose 3*b + 2*c = -25, 0 = -3*b - 0*b - c - 26. Calculate the remainder when b/24 + (-33507)/(-72) is divided by 9.
6
Suppose -4*g = 3*s - 154, -s - 7*g + 66 = -2*g. Calculate the remainder when (-1325)/(-3900)*26*26*3 is divided by s.
45
Let j(o) = 546*o - 1051. Suppose 2*s - 3*d - 14 = 0, 3*s - 8*s = -2*d - 24. Let h = 7 + s. What is the remainder when j(2) is divided by h?
8
Suppose -18*s = -234 - 108. What is the remainder when 545 is divided by s?
13
Suppose v + 297 = 2*l, -10*v + 6*v + 612 = 4*l. Calculate the remainder when l is divided by 37.
2
Suppose -2*z + 8 = -6*z. Let u(g) = -8*g - 1825 + 1825. Calculate the remainder when u(z) is divided by 9.
7
What is the remainder when 772 is divided by 2/17 + (-116325)/(-4675)?
22
Let m be (-3)/(-6)*7/((-21)/(-36)). Let w = m + 0. What is the remainder when 11 is divided by (9/w)/((-2)/(-8))?
5
Let q = 6481 + -5556. What is the remainder when q is divided by 9?
7
Suppose -x = -9 - 11. Suppose -2*v + 0*v - 2 = 0. Let l(u) = -34*u**3 + 3*u**2 + u. What is the remainder when l(v) is divided by x?
16
Suppose 0 = 47*x - 52111 + 14699. Calculate the remainder when x is divided by 71.
15
Suppose -3*s + 2*s + 303 = 4*r, 3*r + 2*s = 221. Let k be (-9)/6 - (-31)/2. Suppose 2*a - 18 - k = 0. Calculate the remainder when r is divided by a.
13
What is the remainder when (-2 + (-798)/(-30))*(-105)/(-3) is divided by 54?
51
Calculate the remainder when (126/(-504))/(1/16) + 131 is divided by 15.
7
Let r(c) = -c**2 - 355*c + 6350. Calculate the remainder when 8578 is divided by r(17).
24
Let i(f) = -39*f**2 - 8*f + 17. Let c be i(-9). Calculate the remainder when 35/21 - c/30 is divided by 2/(-2*1/(-27)).
23
Suppose 35*h - 2128 = -1813. Let w(i) = -7*i**3 - 3*i**2 - i - 2. Let x(s) = -s**2 + 3*s - 2. Let y be x(3). Calculate the remainder when w(y) is divided by h.
8
Let f(k) = k**2 - 9*k - 10. Suppose -u = -23 + 13. Let o be f(u). Suppose o = -7*m + 28 + 91. What is the remainder when 67 is divided by m?
16
Suppose 536 - 896 = -4*f + 4*l, 0 = 5*f + 3*l - 394. Calculate the remainder when 722 is divided by f.
58
Let y(b) = -3*b**2 + 289*b - 479. Calculate the remainder when y(94) is divided by 97.
82
Let r(b) = -191*b**3 + 2*b**2 - 1. Calculate the remainder when r(-1) is divided by (605/(-242))/(2/(-12) + 0).
12
Suppose 11*z = -44 + 88. Let d = 261 - 159. Calculate the remainder when d is divided by z.
2
Let d = 79 + -76. Let m = 13 + -8. What is the remainder when (-13)/(-1) - d*1 is divided by m?
0
Let s(l) = 14*l**3 - 6*l**2 - 55*l - 1. Let m(a) = 5*a**3 - 2*a**2 - 18*a. Let r(t) = -11*m(t) + 4*s(t). Calculate the remainder when r(7) is divided by 11.
10
Let h = 8791 - 8775. What is the remainder when 3870 is divided by h?
14
Suppose 389*x = 400*x - 44. Suppose -2*d = -d - 5*j - 27, 0 = 2*d